re the prime factors of 19717941?
3, 29, 226643
What are the prime factors of 515756?
2, 128939
What are the prime factors of 11237329?
1187, 9467
What are the prime factors of 2793312?
2, 3, 53, 61
List the prime factors of 10954617.
3, 3651539
List the prime factors of 1274504.
2, 7, 11, 2069
List the prime factors of 1254730.
2, 5, 271, 463
List the prime factors of 28624.
2, 1789
What are the prime factors of 2067134?
2, 1033567
What are the prime factors of 795?
3, 5, 53
List the prime factors of 812263.
229, 3547
What are the prime factors of 2311352?
2, 311, 929
What are the prime factors of 8465861?
8465861
List the prime factors of 27125520.
2, 3, 5, 113023
List the prime factors of 15961478.
2, 13, 613903
List the prime factors of 299712.
2, 3, 7, 223
What are the prime factors of 1354185?
3, 5, 7, 1433
List the prime factors of 332122.
2, 7, 3389
What are the prime factors of 490808?
2, 19, 3229
List the prime factors of 42256295.
5, 8451259
What are the prime factors of 2298466?
2, 1149233
List the prime factors of 332341.
109, 3049
List the prime factors of 2569023.
3, 17, 29, 193
What are the prime factors of 33968921?
7, 47, 223, 463
What are the prime factors of 324746?
2, 397, 409
What are the prime factors of 81816?
2, 3, 7, 487
List the prime factors of 7882215.
3, 5, 11, 23, 31, 67
What are the prime factors of 14908847?
17, 53, 16547
What are the prime factors of 2034712?
2, 107, 2377
List the prime factors of 9935099.
9935099
List the prime factors of 3344439.
3, 7, 67, 2377
What are the prime factors of 145643?
145643
What are the prime factors of 67834?
2, 13, 2609
List the prime factors of 7909859.
7909859
What are the prime factors of 405688?
2, 17, 19, 157
What are the prime factors of 330365?
5, 7, 9439
List the prime factors of 53746.
2, 7, 11, 349
What are the prime factors of 2901002?
2, 13, 111577
List the prime factors of 57023.
127, 449
What are the prime factors of 16425542?
2, 7, 23, 29, 1759
What are the prime factors of 11157235?
5, 2231447
List the prime factors of 3111864.
2, 3, 7, 18523
What are the prime factors of 306682?
2, 23, 59, 113
What are the prime factors of 537760?
2, 5, 3361
List the prime factors of 30586501.
11, 113, 2237
What are the prime factors of 924371?
7, 37, 43, 83
List the prime factors of 220039.
19, 37, 313
List the prime factors of 191364.
2, 3, 37, 431
What are the prime factors of 269836?
2, 7, 23, 419
List the prime factors of 935122.
2, 307, 1523
What are the prime factors of 2998413?
3, 11, 31, 977
List the prime factors of 250412.
2, 62603
What are the prime factors of 2481470?
2, 5, 23, 10789
What are the prime factors of 228332?
2, 13, 4391
List the prime factors of 45083.
45083
List the prime factors of 1611237.
3, 537079
List the prime factors of 87316.
2, 83, 263
What are the prime factors of 87796?
2, 47, 467
List the prime factors of 3828127.
1013, 3779
What are the prime factors of 590164?
2, 147541
List the prime factors of 56065.
5, 11213
List the prime factors of 6451598.
2, 191, 16889
List the prime factors of 5225623.
13, 23, 17477
What are the prime factors of 9386436?
2, 3, 61, 12823
What are the prime factors of 1325294?
2, 662647
What are the prime factors of 1477623?
3, 7, 17, 4139
List the prime factors of 1629430.
2, 5, 11, 14813
List the prime factors of 1063810.
2, 5, 11, 19, 509
What are the prime factors of 1420383?
3, 19, 24919
What are the prime factors of 163080?
2, 3, 5, 151
List the prime factors of 794196.
2, 3, 13, 1697
What are the prime factors of 452137?
7, 64591
What are the prime factors of 200104?
2, 25013
What are the prime factors of 22502882?
2, 37, 71, 4283
What are the prime factors of 358727?
358727
What are the prime factors of 1980192?
2, 3, 20627
What are the prime factors of 16275335?
5, 109, 29863
List the prime factors of 147311.
147311
What are the prime factors of 6035806?
2, 7, 19, 22691
What are the prime factors of 22906052?
2, 13, 440501
List the prime factors of 209890.
2, 5, 139, 151
List the prime factors of 181304.
2, 131, 173
List the prime factors of 22811172.
2, 3, 19, 100049
List the prime factors of 73273.
47, 1559
What are the prime factors of 30214707?
3, 503, 20023
List the prime factors of 42000997.
42000997
What are the prime factors of 7019581?
311, 22571
What are the prime factors of 665891?
79, 8429
What are the prime factors of 104673?
3, 23, 37, 41
What are the prime factors of 1242999?
3, 19, 2423
What are the prime factors of 42919?
167, 257
What are the prime factors of 884085?
3, 5, 17, 3467
List the prime factors of 21855436.
2, 173, 31583
What are the prime factors of 41805?
3, 5, 929
List the prime factors of 654609.
3, 113, 1931
What are the prime factors of 573161?
573161
What are the prime factors of 529716?
2, 3, 11, 4013
List the prime factors of 400927.
400927
List the prime factors of 2967663.
3, 239, 4139
What are the prime factors of 29605?
5, 31, 191
What are the prime factors of 382079?
41, 9319
List the prime factors of 390862.
2, 23, 29, 293
List the prime factors of 2857584.
2, 3, 37, 1609
List the prime factors of 9720920.
2, 5, 11, 22093
What are the prime factors of 211777?
211777
What are the prime factors of 447686?
2, 223843
What are the prime factors of 678010?
2, 5, 67801
List the prime factors of 2980084.
2, 53, 14057
List the prime factors of 22176725.
5, 887069
What are the prime factors of 1102826?
2, 139, 3967
List the prime factors of 945434.
2, 7, 67531
What are the prime factors of 9565873?
19, 79, 6373
List the prime factors of 13686687.
3, 7, 89, 2441
List the prime factors of 716883.
3, 197, 1213
List the prime factors of 1447599.
3, 499, 967
List the prime factors of 23339221.
23339221
What are the prime factors of 240735?
3, 5, 11, 1459
What are the prime factors of 1077923?
7, 11, 13999
List the prime factors of 529763.
13, 40751
What are the prime factors of 276678?
2, 3, 19, 809
List the prime factors of 1731317.
7, 89, 397
What are the prime factors of 19208?
2, 7
List the prime factors of 2968728.
2, 3, 7, 41, 431
List the prime factors of 4760010.
2, 3, 5, 52889
List the prime factors of 9492307.
11, 17, 23, 2207
List the prime factors of 1352579.
397, 3407
List the prime factors of 86274.
2, 3, 4793
List the prime factors of 169785.
3, 5, 7, 11
What are the prime factors of 85192?
2, 23, 463
List the prime factors of 228494.
2, 7, 19, 859
List the prime factors of 3093233.
11, 13, 97, 223
List the prime factors of 12625451.
89, 127, 1117
What are the prime factors of 656381?
11, 59671
What are the prime factors of 10904281?
31, 351751
List the prime factors of 363677.
363677
List the prime factors of 1419480.
2, 3, 5, 3943
List the prime factors of 2883409.
61, 47269
What are the prime factors of 409555?
5, 101, 811
What are the prime factors of 542833?
647, 839
List the prime factors of 1254523.
1254523
List the prime factors of 27227.
19, 1433
List the prime factors of 12167266.
2, 47, 129439
List the prime factors of 1692106.
2, 13, 151, 431
What are the prime factors of 38270?
2, 5, 43, 89
List the prime factors of 911152.
2, 11, 31, 167
What are the prime factors of 27038261?
599, 45139
What are the prime factors of 2053171?
29, 83, 853
What are the prime factors of 4343161?
1307, 3323
What are the prime factors of 16450752?
2, 3, 47, 1823
List the prime factors of 1174825.
5, 46993
What are the prime factors of 24829172?
2, 277, 22409
What are the prime factors of 10067605?
5, 631, 3191
What are the prime factors of 25955303?
11, 503, 4691
List the prime factors of 568830.
2, 3, 5, 67, 283
List the prime factors of 11082742.
2, 11, 17, 29633
What are the prime factors of 150272?
2, 587
List the prime factors of 3658090.
2, 5, 365809
List the prime factors of 9138694.
2, 71, 139, 463
List the prime factors of 858412.
2, 214603
List the prime factors of 6521702.
2, 11, 296441
What are the prime factors of 33797415?
3, 5, 2253161
What are the prime factors of 183138?
2, 3, 131, 233
What are the prime factors of 214279?
13, 53, 311
List the prime factors of 245912.
2, 59, 521
What are the prime factors of 314119?
13, 73, 331
List the prime factors of 154235.
5, 109, 283
List the prime factors of 441390.
2, 3, 5, 14713
What are the prime factors